{"id":796,"date":"2015-12-22T13:43:05","date_gmt":"2015-12-22T13:43:05","guid":{"rendered":"http:\/\/salongeatra.com\/?page_id=796"},"modified":"2016-05-02T08:53:41","modified_gmt":"2016-05-02T08:53:41","slug":"eurostick","status":"publish","type":"page","link":"https:\/\/salonamat.com\/index.php\/collections\/tissus\/eurostick\/","title":{"rendered":"EUROSTICK"},"content":{"rendered":"<div class=\"entry-content\">\n<p>Fabricant italien de tissus \/ ennoblisseur : pliss\u00e9, lamin\u00e9, contrecoll\u00e9s avec ou sans mousse, floqu\u00e9, imprim\u00e9&#8230;<\/p>\n<p>Femme.<\/p>\n<p>Polyester, viscose, modal, polyamide.<\/p>\n<\/div>\n<p align=\"LEFT\">Repr\u00e9sent\u00e9 par <a href=\"http:\/\/salonamat.com\/index.php\/agents\/armelle-blettner\/\">Armelle Blettner<\/a>.<\/p>\n<p class=\"jetpack-slideshow-noscript robots-nocontent\">Ce diaporama n\u00e9cessite JavaScript.<\/p><div id=\"gallery-796-1-slideshow\" class=\"jetpack-slideshow-window jetpack-slideshow jetpack-slideshow-black\" data-trans=\"fade\" data-autostart=\"1\" data-gallery=\"[{&quot;src&quot;:&quot;https:\\\/\\\/i0.wp.com\\\/salonamat.com\\\/wp-content\\\/uploads\\\/2015\\\/12\\\/ARMELLE-EUROSTICK-1.jpg?fit=720%2C480\\u0026ssl=1&quot;,&quot;id&quot;:&quot;375&quot;,&quot;title&quot;:&quot;ARMELLE-EUROSTICK&quot;,&quot;alt&quot;:&quot;&quot;,&quot;caption&quot;:&quot;&quot;,&quot;itemprop&quot;:&quot;image&quot;},{&quot;src&quot;:&quot;https:\\\/\\\/i0.wp.com\\\/salonamat.com\\\/wp-content\\\/uploads\\\/2016\\\/05\\\/ARMELLE-EUROSTICK-2.jpg?fit=720%2C480\\u0026ssl=1&quot;,&quot;id&quot;:&quot;1859&quot;,&quot;title&quot;:&quot;ARMELLE-EUROSTICK-2&quot;,&quot;alt&quot;:&quot;&quot;,&quot;caption&quot;:&quot;&quot;,&quot;itemprop&quot;:&quot;image&quot;},{&quot;src&quot;:&quot;https:\\\/\\\/i0.wp.com\\\/salonamat.com\\\/wp-content\\\/uploads\\\/2016\\\/05\\\/ARMELLE-EUROSTICK-3.jpg?fit=720%2C480\\u0026ssl=1&quot;,&quot;id&quot;:&quot;1860&quot;,&quot;title&quot;:&quot;ARMELLE-EUROSTICK-3&quot;,&quot;alt&quot;:&quot;&quot;,&quot;caption&quot;:&quot;&quot;,&quot;itemprop&quot;:&quot;image&quot;}]\" itemscope itemtype=\"https:\/\/schema.org\/ImageGallery\"><\/div>\n","protected":false},"excerpt":{"rendered":"<p>Fabricant italien de tissus \/ ennoblisseur : pliss\u00e9, lamin\u00e9, contrecoll\u00e9s avec ou sans mousse, floqu\u00e9, imprim\u00e9&#8230; Femme. Polyester, viscose, modal, polyamide. Repr\u00e9sent\u00e9 par Armelle Blettner. <a href=\"https:\/\/salonamat.com\/index.php\/collections\/tissus\/eurostick\/\" class=\"more-link\">Continuer de lire <span class=\"screen-reader-text\">EUROSTICK<\/span><\/a><\/p>\n","protected":false},"author":2,"featured_media":0,"parent":1215,"menu_order":0,"comment_status":"closed","ping_status":"closed","template":"","meta":{"spay_email":""},"categories":[73,86,24,31,32,113,35,121,123,39,46,53],"tags":[],"jetpack_sharing_enabled":true,"jetpack_shortlink":"https:\/\/wp.me\/P7346W-cQ","jetpack-related-posts":[{"id":792,"url":"https:\/\/salonamat.com\/index.php\/collections\/tissus\/azzurra-gazzella\/","url_meta":{"origin":796,"position":0},"title":"AZZURRA GAZZELLA","date":"d\u00e9cembre 22, 2015","format":false,"excerpt":"Tissus Imprim\u00e9s. Collection PAP \/ Lingerie \/ bain. Femme. Viscose, modal, coton, \u00e9lasthanne, lycra, xtralife, polyamide. Repr\u00e9sent\u00e9 par Armelle Blettner et Anne Jouve.","rel":"","context":"Dans &quot;bain&quot;","img":{"alt_text":"","src":"https:\/\/i0.wp.com\/salonamat.com\/wp-content\/uploads\/2015\/12\/ARMELLE-MIROGLIO-DREAM-1.jpg?resize=350%2C200","width":350,"height":200},"classes":[]},{"id":3976,"url":"https:\/\/salonamat.com\/index.php\/collections\/tissus\/my-way\/","url_meta":{"origin":796,"position":1},"title":"MY WAY","date":"d\u00e9cembre 28, 2021","format":false,"excerpt":"Importateur europ\u00e9en de tissus cha\u00eene et trame, maille et broderies PAP Femme Grande Diffusion Pas de minimum Compositions\u00a0: polyester, polyamide, coton, viscose, lin et m\u00e9langes Repr\u00e9sent\u00e9 par Sylvie BUSSEUIL.","rel":"","context":"Dans &quot;cha\u00eene et trame&quot;","img":{"alt_text":"","src":"https:\/\/i0.wp.com\/salonamat.com\/wp-content\/uploads\/2021\/12\/MY-WAY-1.jpg?resize=350%2C200&ssl=1","width":350,"height":200},"classes":[]},{"id":1045,"url":"https:\/\/salonamat.com\/index.php\/collections\/tissus\/nooteboom-textiles\/","url_meta":{"origin":796,"position":2},"title":"NOOTEBOOM","date":"d\u00e9cembre 25, 2015","format":false,"excerpt":"Importateur n\u00e9erlandais de tissus fantaisie pour la confection de v\u00eatements. Pr\u00eat \u00e0 Porter F\u00e9minin, Enfant, Homme, v\u00eatement professionnel, vente au m\u00e8tre en ligne et en boutique Minimum de commande: 12 m Repr\u00e9sent\u00e9 R\u00e9mi Oddon.","rel":"","context":"Dans &quot;ameublement&quot;","img":{"alt_text":"","src":"https:\/\/i0.wp.com\/salonamat.com\/wp-content\/uploads\/2015\/12\/REMI-NOOTEBOOM-TEXTILES.jpg?resize=350%2C200","width":350,"height":200},"classes":[]},{"id":4787,"url":"https:\/\/salonamat.com\/index.php\/collections\/tissus\/murtra-2\/","url_meta":{"origin":796,"position":3},"title":"MURTRA","date":"janvier 2, 2023","format":false,"excerpt":"Espagne Pr\u00eat \u00e0 porter f\u00e9minin Minima: Pas de minimum sur les qualit\u00e9s en stock Repr\u00e9sent\u00e9e par Philippe CAZELLES","rel":"","context":"Dans &quot;ac\u00e9tate&quot;","img":{"alt_text":"","src":"https:\/\/i0.wp.com\/salonamat.com\/wp-content\/uploads\/2023\/01\/murtra-2.jpeg?resize=350%2C200&ssl=1","width":350,"height":200},"classes":[]},{"id":1786,"url":"https:\/\/salonamat.com\/index.php\/collections\/tissus\/espunto\/","url_meta":{"origin":796,"position":4},"title":"ESPUNTO","date":"d\u00e9cembre 28, 2015","format":false,"excerpt":"Fabricant espagnol de maille fine jauge. Minima : 300 Mt. \/ pi\u00e8ce type 50 Mt. Femme, homme, enfant. Polyamide, micro modal, coton, polyester, m\u00e9langes. Repr\u00e9sent\u00e9 par Armelle Blettner.","rel":"","context":"Dans &quot;coton&quot;","img":{"alt_text":"","src":"https:\/\/i0.wp.com\/salonamat.com\/wp-content\/uploads\/2015\/12\/GUY-ESPUNTO-1.jpg?resize=350%2C200","width":350,"height":200},"classes":[]},{"id":5086,"url":"https:\/\/salonamat.com\/index.php\/collections\/tissus\/gruppo-sir\/","url_meta":{"origin":796,"position":5},"title":"GRUPPO SIR","date":"mars 23, 2023","format":false,"excerpt":"Italie Tissus fantaisies Repr\u00e9sent\u00e9e par Olivier Amblard et Gilles Cannat.","rel":"","context":"Dans &quot;coton&quot;","img":{"alt_text":"","src":"https:\/\/i0.wp.com\/salonamat.com\/wp-content\/uploads\/2023\/03\/Gruppo-Sir-1.jpg?resize=350%2C200&ssl=1","width":350,"height":200},"classes":[]}],"_links":{"self":[{"href":"https:\/\/salonamat.com\/index.php\/wp-json\/wp\/v2\/pages\/796"}],"collection":[{"href":"https:\/\/salonamat.com\/index.php\/wp-json\/wp\/v2\/pages"}],"about":[{"href":"https:\/\/salonamat.com\/index.php\/wp-json\/wp\/v2\/types\/page"}],"author":[{"embeddable":true,"href":"https:\/\/salonamat.com\/index.php\/wp-json\/wp\/v2\/users\/2"}],"replies":[{"embeddable":true,"href":"https:\/\/salonamat.com\/index.php\/wp-json\/wp\/v2\/comments?post=796"}],"version-history":[{"count":2,"href":"https:\/\/salonamat.com\/index.php\/wp-json\/wp\/v2\/pages\/796\/revisions"}],"predecessor-version":[{"id":1867,"href":"https:\/\/salonamat.com\/index.php\/wp-json\/wp\/v2\/pages\/796\/revisions\/1867"}],"up":[{"embeddable":true,"href":"https:\/\/salonamat.com\/index.php\/wp-json\/wp\/v2\/pages\/1215"}],"wp:attachment":[{"href":"https:\/\/salonamat.com\/index.php\/wp-json\/wp\/v2\/media?parent=796"}],"wp:term":[{"taxonomy":"category","embeddable":true,"href":"https:\/\/salonamat.com\/index.php\/wp-json\/wp\/v2\/categories?post=796"},{"taxonomy":"post_tag","embeddable":true,"href":"https:\/\/salonamat.com\/index.php\/wp-json\/wp\/v2\/tags?post=796"}],"curies":[{"name":"wp","href":"https:\/\/api.w.org\/{rel}","templated":true}]}}

<div class="entry-content">
<p>Fabricant italien de tissus / ennoblisseur : plissé, laminé, contrecollés avec ou sans mousse, floqué, imprimé&#8230;</p>
<p>Femme.</p>
<p>Polyester, viscose, modal, polyamide.</p>
</div>
<p align="LEFT">Représenté par <a href="http://salonamat.com/index.php/agents/armelle-blettner/">Armelle Blettner</a>.</p>
<p class="jetpack-slideshow-noscript robots-nocontent">Ce diaporama nécessite JavaScript.</p><div id="gallery-796-1-slideshow" class="jetpack-slideshow-window jetpack-slideshow jetpack-slideshow-black" data-trans="fade" data-autostart="1" data-gallery="[{&quot;src&quot;:&quot;https:\/\/i0.wp.com\/salonamat.com\/wp-content\/uploads\/2015\/12\/ARMELLE-EUROSTICK-1.jpg?fit=720%2C480\u0026ssl=1&quot;,&quot;id&quot;:&quot;375&quot;,&quot;title&quot;:&quot;ARMELLE-EUROSTICK&quot;,&quot;alt&quot;:&quot;&quot;,&quot;caption&quot;:&quot;&quot;,&quot;itemprop&quot;:&quot;image&quot;},{&quot;src&quot;:&quot;https:\/\/i0.wp.com\/salonamat.com\/wp-content\/uploads\/2016\/05\/ARMELLE-EUROSTICK-2.jpg?fit=720%2C480\u0026ssl=1&quot;,&quot;id&quot;:&quot;1859&quot;,&quot;title&quot;:&quot;ARMELLE-EUROSTICK-2&quot;,&quot;alt&quot;:&quot;&quot;,&quot;caption&quot;:&quot;&quot;,&quot;itemprop&quot;:&quot;image&quot;},{&quot;src&quot;:&quot;https:\/\/i0.wp.com\/salonamat.com\/wp-content\/uploads\/2016\/05\/ARMELLE-EUROSTICK-3.jpg?fit=720%2C480\u0026ssl=1&quot;,&quot;id&quot;:&quot;1860&quot;,&quot;title&quot;:&quot;ARMELLE-EUROSTICK-3&quot;,&quot;alt&quot;:&quot;&quot;,&quot;caption&quot;:&quot;&quot;,&quot;itemprop&quot;:&quot;image&quot;}]" itemscope itemtype="https://schema.org/ImageGallery"></div>

<p>Fabricant italien de tissus / ennoblisseur : plissé, laminé, contrecollés avec ou sans mousse, floqué, imprimé&#8230; Femme. Polyester, viscose, modal, polyamide. Représenté par Armelle Blettner. <a href="https://salonamat.com/index.php/collections/tissus/eurostick/" class="more-link">Continuer de lire <span class="screen-reader-text">EUROSTICK</span></a></p>

décembre 22, 2015

Tissus Imprimés. Collection PAP / Lingerie / bain. Femme. Viscose, modal, coton, élasthanne, lycra, xtralife, polyamide. Représenté par Armelle Blettner et Anne Jouve.

décembre 28, 2021

Importateur européen de tissus chaîne et trame, maille et broderies PAP Femme Grande Diffusion Pas de minimum Compositions : polyester, polyamide, coton, viscose, lin et mélanges Représenté par Sylvie BUSSEUIL.

Dans &quot;chaîne et trame&quot;

décembre 25, 2015

Importateur néerlandais de tissus fantaisie pour la confection de vêtements. Prêt à Porter Féminin, Enfant, Homme, vêtement professionnel, vente au mètre en ligne et en boutique Minimum de commande: 12 m Représenté Rémi Oddon.

Espagne Prêt à porter féminin Minima: Pas de minimum sur les qualités en stock Représentée par Philippe CAZELLES

Dans &quot;acétate&quot;

décembre 28, 2015

Fabricant espagnol de maille fine jauge. Minima : 300 Mt. / pièce type 50 Mt. Femme, homme, enfant. Polyamide, micro modal, coton, polyester, mélanges. Représenté par Armelle Blettner.

Italie Tissus fantaisies Représentée par Olivier Amblard et Gilles Cannat.
