{"id":3298,"date":"2020-12-31T15:54:20","date_gmt":"2020-12-31T15:54:20","guid":{"rendered":"http:\/\/salonamat.com\/?page_id=3298"},"modified":"2020-12-31T15:54:23","modified_gmt":"2020-12-31T15:54:23","slug":"solstiss","status":"publish","type":"page","link":"https:\/\/salonamat.com\/index.php\/collections\/accessoires\/solstiss\/","title":{"rendered":"SOLSTISS"},"content":{"rendered":"\n<p>Fabricant fran\u00e7ais de dentelles Leavers.<\/p>\n\n\n\n<p>Haut de gamme.<\/p>\n\n\n\n<p>Minimum : 1 coupe entre 4,60 mt et 5,50 mt.<\/p>\n\n\n\n<p>Femme, Enfant.<\/p>\n\n\n\n<p>Composition : Viscose, Polyamide, Coton<\/p>\n\n\n\n<p><a href=\"http:\/\/salonamat.com\/index.php\/agents\/olivier-glorieux\/\">Repr\u00e9sent\u00e9 par Olivier Glorieux.<\/a><\/p>\n","protected":false},"excerpt":{"rendered":"<p>Fabricant fran\u00e7ais de dentelles Leavers. Haut de gamme. Minimum : 1 coupe entre 4,60 mt et 5,50 mt. Femme, Enfant. Composition : Viscose, Polyamide, Coton Repr\u00e9sent\u00e9 par Olivier Glorieux. <a href=\"https:\/\/salonamat.com\/index.php\/collections\/accessoires\/solstiss\/\" class=\"more-link\">Continuer de lire <span class=\"screen-reader-text\">SOLSTISS<\/span><\/a><\/p>\n","protected":false},"author":2,"featured_media":0,"parent":1216,"menu_order":0,"comment_status":"closed","ping_status":"closed","template":"","meta":{"spay_email":""},"categories":[2,80,17,24,147,156,31,122,157,54],"tags":[],"jetpack_sharing_enabled":true,"jetpack_shortlink":"https:\/\/wp.me\/P7346W-Rc","jetpack-related-posts":[{"id":3976,"url":"https:\/\/salonamat.com\/index.php\/collections\/tissus\/my-way\/","url_meta":{"origin":3298,"position":0},"title":"MY WAY","date":"d\u00e9cembre 28, 2021","format":false,"excerpt":"Importateur europ\u00e9en de tissus cha\u00eene et trame, maille et broderies PAP Femme Grande Diffusion Pas de minimum Compositions\u00a0: polyester, polyamide, coton, viscose, lin et m\u00e9langes Repr\u00e9sent\u00e9 par Sylvie BUSSEUIL.","rel":"","context":"Dans &quot;cha\u00eene et trame&quot;","img":{"alt_text":"","src":"https:\/\/i0.wp.com\/salonamat.com\/wp-content\/uploads\/2021\/12\/MY-WAY-1.jpg?resize=350%2C200&ssl=1","width":350,"height":200},"classes":[]},{"id":6213,"url":"https:\/\/salonamat.com\/index.php\/collections\/accessoires\/p-a-l-m-pizzi\/","url_meta":{"origin":3298,"position":1},"title":"P.A.L.M PIZZI","date":"d\u00e9cembre 22, 2023","format":false,"excerpt":"Fabricant italien de dentelle et galons crochet. Pour pr\u00eat \u00e0 porter femme, enfant, homme et lingerie bain Cotton\/ polyester\/ fils chenille et divers Minimum de commande: 300mts au coloris si pas en stock Repr\u00e9sent\u00e9 par Armelle Blettner et Anne Jouve.","rel":"","context":"Dans &quot;acrylique&quot;","img":{"alt_text":"","src":"https:\/\/i0.wp.com\/salonamat.com\/wp-content\/uploads\/2023\/12\/PALM-PIZZI.png?resize=350%2C200&ssl=1","width":350,"height":200},"classes":[]},{"id":792,"url":"https:\/\/salonamat.com\/index.php\/collections\/tissus\/azzurra-gazzella\/","url_meta":{"origin":3298,"position":2},"title":"AZZURRA GAZZELLA","date":"d\u00e9cembre 22, 2015","format":false,"excerpt":"Tissus Imprim\u00e9s. Collection PAP \/ Lingerie \/ bain. Femme. Viscose, modal, coton, \u00e9lasthanne, lycra, xtralife, polyamide. Repr\u00e9sent\u00e9 par Armelle Blettner et Anne Jouve.","rel":"","context":"Dans &quot;bain&quot;","img":{"alt_text":"","src":"https:\/\/i0.wp.com\/salonamat.com\/wp-content\/uploads\/2015\/12\/ARMELLE-MIROGLIO-DREAM-1.jpg?resize=350%2C200","width":350,"height":200},"classes":[]},{"id":789,"url":"https:\/\/salonamat.com\/index.php\/collections\/accessoires\/lunas\/","url_meta":{"origin":3298,"position":3},"title":"LUNAS","date":"d\u00e9cembre 22, 2015","format":false,"excerpt":"Fabricant fran\u00e7ais d'accessoires textile cr\u00e9atifs. Motifs transfert, strass, clous, broderies, flocage sur tous supports. Femme, homme, enfant Viscose, polyester, coton, polyamide. Repr\u00e9sent\u00e9 par Armelle Blettner.","rel":"","context":"Dans &quot;accessoires&quot;","img":{"alt_text":"","src":"https:\/\/i0.wp.com\/salonamat.com\/wp-content\/uploads\/2015\/12\/ARMELLE-LUNAS-1.jpg?resize=350%2C200","width":350,"height":200},"classes":[]},{"id":827,"url":"https:\/\/salonamat.com\/index.php\/collections\/tissus\/knipidee\/","url_meta":{"origin":3298,"position":4},"title":"KNIPIDEE","date":"d\u00e9cembre 22, 2015","format":false,"excerpt":"Importateur n\u00e9erlandais de tissus cha\u00eene-et-trame et maille. Minima : 15 mt sur stock. Femme, homme, enfant. Toutes compositions. Petites quantit\u00e9s. Repr\u00e9sent\u00e9 par V\u00e9ronique PEPIN BOLLIET","rel":"","context":"Dans &quot;ac\u00e9tate&quot;","img":{"alt_text":"","src":"https:\/\/i0.wp.com\/salonamat.com\/wp-content\/uploads\/2015\/12\/ANNE-KNIPIDEE-1.jpg?resize=350%2C200","width":350,"height":200},"classes":[]},{"id":4787,"url":"https:\/\/salonamat.com\/index.php\/collections\/tissus\/murtra-2\/","url_meta":{"origin":3298,"position":5},"title":"MURTRA","date":"janvier 2, 2023","format":false,"excerpt":"Espagne Pr\u00eat \u00e0 porter f\u00e9minin Minima: Pas de minimum sur les qualit\u00e9s en stock Repr\u00e9sent\u00e9e par Philippe CAZELLES","rel":"","context":"Dans &quot;ac\u00e9tate&quot;","img":{"alt_text":"","src":"https:\/\/i0.wp.com\/salonamat.com\/wp-content\/uploads\/2023\/01\/murtra-2.jpeg?resize=350%2C200&ssl=1","width":350,"height":200},"classes":[]}],"_links":{"self":[{"href":"https:\/\/salonamat.com\/index.php\/wp-json\/wp\/v2\/pages\/3298"}],"collection":[{"href":"https:\/\/salonamat.com\/index.php\/wp-json\/wp\/v2\/pages"}],"about":[{"href":"https:\/\/salonamat.com\/index.php\/wp-json\/wp\/v2\/types\/page"}],"author":[{"embeddable":true,"href":"https:\/\/salonamat.com\/index.php\/wp-json\/wp\/v2\/users\/2"}],"replies":[{"embeddable":true,"href":"https:\/\/salonamat.com\/index.php\/wp-json\/wp\/v2\/comments?post=3298"}],"version-history":[{"count":1,"href":"https:\/\/salonamat.com\/index.php\/wp-json\/wp\/v2\/pages\/3298\/revisions"}],"predecessor-version":[{"id":3299,"href":"https:\/\/salonamat.com\/index.php\/wp-json\/wp\/v2\/pages\/3298\/revisions\/3299"}],"up":[{"embeddable":true,"href":"https:\/\/salonamat.com\/index.php\/wp-json\/wp\/v2\/pages\/1216"}],"wp:attachment":[{"href":"https:\/\/salonamat.com\/index.php\/wp-json\/wp\/v2\/media?parent=3298"}],"wp:term":[{"taxonomy":"category","embeddable":true,"href":"https:\/\/salonamat.com\/index.php\/wp-json\/wp\/v2\/categories?post=3298"},{"taxonomy":"post_tag","embeddable":true,"href":"https:\/\/salonamat.com\/index.php\/wp-json\/wp\/v2\/tags?post=3298"}],"curies":[{"name":"wp","href":"https:\/\/api.w.org\/{rel}","templated":true}]}}