{"id":3292,"date":"2020-12-31T15:45:24","date_gmt":"2020-12-31T15:45:24","guid":{"rendered":"http:\/\/salonamat.com\/?page_id=3292"},"modified":"2020-12-31T15:48:01","modified_gmt":"2020-12-31T15:48:01","slug":"cat-land","status":"publish","type":"page","link":"https:\/\/salonamat.com\/index.php\/collections\/tissus\/cat-land\/","title":{"rendered":"CAT-LAND"},"content":{"rendered":"\n<p>Fabricant fran\u00e7ais de polaire.<\/p>\n\n\n\n<p>Moyen de gamme.<\/p>\n\n\n\n<p>Pas de minimum.<\/p>\n\n\n\n<p>Femme, Homme, Enfant.<\/p>\n\n\n\n<p>Composition : Polyester.<\/p>\n\n\n\n<p><a href=\"http:\/\/salonamat.com\/index.php\/agents\/olivier-glorieux\/\">Repr\u00e9sent\u00e9 par Olivier Glorieux.<\/a><\/p>\n","protected":false},"excerpt":{"rendered":"<p>Fabricant fran\u00e7ais de polaire. Moyen de gamme. Pas de minimum. Femme, Homme, Enfant. Composition : Polyester. Repr\u00e9sent\u00e9 par Olivier Glorieux. <a href=\"https:\/\/salonamat.com\/index.php\/collections\/tissus\/cat-land\/\" class=\"more-link\">Continuer de lire <span class=\"screen-reader-text\">CAT-LAND<\/span><\/a><\/p>\n","protected":false},"author":2,"featured_media":0,"parent":1215,"menu_order":0,"comment_status":"closed","ping_status":"closed","template":"","meta":{"spay_email":""},"categories":[21,22,24,28,35,146,123,39,43,46],"tags":[],"jetpack_sharing_enabled":true,"jetpack_shortlink":"https:\/\/wp.me\/P7346W-R6","jetpack-related-posts":[{"id":3989,"url":"https:\/\/salonamat.com\/index.php\/collections\/tissus\/frizza\/","url_meta":{"origin":3292,"position":0},"title":"FRIZZA","date":"d\u00e9cembre 28, 2021","format":false,"excerpt":"Soci\u00e9t\u00e9 italienne proposant des tissus d\u2019habillement techniques et de hautes performances\u00a0: polyamide, polyester et m\u00e9langes, polaire et recycl\u00e9s. Finissages sp\u00e9ciaux\u00a0: enduits, laqu\u00e9s, imperm\u00e9ables, respirants. Soci\u00e9t\u00e9 repr\u00e9sent\u00e9e par Sylvie BUSSEUIL.","rel":"","context":"Dans &quot;cha\u00eene et trame&quot;","img":{"alt_text":"","src":"https:\/\/i0.wp.com\/salonamat.com\/wp-content\/uploads\/2021\/12\/FRIZZA-2.jpg?resize=350%2C200&ssl=1","width":350,"height":200},"classes":[]},{"id":1045,"url":"https:\/\/salonamat.com\/index.php\/collections\/tissus\/nooteboom-textiles\/","url_meta":{"origin":3292,"position":1},"title":"NOOTEBOOM","date":"d\u00e9cembre 25, 2015","format":false,"excerpt":"Importateur n\u00e9erlandais de tissus fantaisie pour la confection de v\u00eatements. Pr\u00eat \u00e0 Porter F\u00e9minin, Enfant, Homme, v\u00eatement professionnel, vente au m\u00e8tre en ligne et en boutique Minimum de commande: 12 m Repr\u00e9sent\u00e9 R\u00e9mi Oddon.","rel":"","context":"Dans &quot;ameublement&quot;","img":{"alt_text":"","src":"https:\/\/i0.wp.com\/salonamat.com\/wp-content\/uploads\/2015\/12\/REMI-NOOTEBOOM-TEXTILES.jpg?resize=350%2C200","width":350,"height":200},"classes":[]},{"id":4767,"url":"https:\/\/salonamat.com\/index.php\/collections\/tissus\/tiba\/","url_meta":{"origin":3292,"position":2},"title":"TIBA","date":"janvier 2, 2023","format":false,"excerpt":"Italie Tissus ind\u00e9maillables, maille circulaire et tissus 3D Jersey\/ Interlock Minima: 70 Mts Repr\u00e9sent\u00e9e par Philippe CAZELLES","rel":"","context":"Dans &quot;acrylique&quot;","img":{"alt_text":"","src":"https:\/\/i0.wp.com\/salonamat.com\/wp-content\/uploads\/2023\/01\/tiba-2.jpeg?resize=350%2C200","width":350,"height":200},"classes":[]},{"id":802,"url":"https:\/\/salonamat.com\/index.php\/collections\/accessoires\/disboton\/","url_meta":{"origin":3292,"position":3},"title":"DISBOTON","date":"d\u00e9cembre 22, 2015","format":false,"excerpt":"Fabricant espagnol de boutons \u00e0 coudre. Tarifs entr\u00e9e de gamme. Femme, homme, enfant. Polyester, nacre, nylon, nylon m\u00e9tal, corne, corozo, bois, cuir lavable. Repr\u00e9sent\u00e9 par Armelle Blettner.","rel":"","context":"Dans &quot;accessoires&quot;","img":{"alt_text":"","src":"https:\/\/i0.wp.com\/salonamat.com\/wp-content\/uploads\/2015\/12\/ARMELLE-DISBOTON-1.jpg?resize=350%2C200","width":350,"height":200},"classes":[]},{"id":2494,"url":"https:\/\/salonamat.com\/index.php\/collections\/tissus\/bc-grupo\/","url_meta":{"origin":3292,"position":4},"title":"BC GRUPO","date":"d\u00e9cembre 9, 2018","format":false,"excerpt":"Espagne Impression digitale sur cha\u00eene et trame \/ homme \/femme \/enfant coton : voile , percale , popelines \/ microfibre polyester \/ viscose Minimum : 1 pi\u00e8ce Possibilit\u00e9 de r\u00e9aliser des dessins exclusifs et unis (serg\u00e9 \/ natt\u00e9 \/ popeline) Repr\u00e9sent\u00e9 par Marc Cazelles.","rel":"","context":"Dans &quot;cha\u00eene et trame&quot;","img":{"alt_text":"","src":"https:\/\/i0.wp.com\/salonamat.com\/wp-content\/uploads\/2018\/12\/BC-GRUPO-02.jpg?resize=350%2C200","width":350,"height":200},"classes":[]},{"id":6213,"url":"https:\/\/salonamat.com\/index.php\/collections\/accessoires\/p-a-l-m-pizzi\/","url_meta":{"origin":3292,"position":5},"title":"P.A.L.M PIZZI","date":"d\u00e9cembre 22, 2023","format":false,"excerpt":"Fabricant italien de dentelle et galons crochet. Pour pr\u00eat \u00e0 porter femme, enfant, homme et lingerie bain Cotton\/ polyester\/ fils chenille et divers Minimum de commande: 300mts au coloris si pas en stock Repr\u00e9sent\u00e9 par Armelle Blettner et Anne Jouve.","rel":"","context":"Dans &quot;acrylique&quot;","img":{"alt_text":"","src":"https:\/\/i0.wp.com\/salonamat.com\/wp-content\/uploads\/2023\/12\/PALM-PIZZI.png?resize=350%2C200&ssl=1","width":350,"height":200},"classes":[]}],"_links":{"self":[{"href":"https:\/\/salonamat.com\/index.php\/wp-json\/wp\/v2\/pages\/3292"}],"collection":[{"href":"https:\/\/salonamat.com\/index.php\/wp-json\/wp\/v2\/pages"}],"about":[{"href":"https:\/\/salonamat.com\/index.php\/wp-json\/wp\/v2\/types\/page"}],"author":[{"embeddable":true,"href":"https:\/\/salonamat.com\/index.php\/wp-json\/wp\/v2\/users\/2"}],"replies":[{"embeddable":true,"href":"https:\/\/salonamat.com\/index.php\/wp-json\/wp\/v2\/comments?post=3292"}],"version-history":[{"count":3,"href":"https:\/\/salonamat.com\/index.php\/wp-json\/wp\/v2\/pages\/3292\/revisions"}],"predecessor-version":[{"id":3295,"href":"https:\/\/salonamat.com\/index.php\/wp-json\/wp\/v2\/pages\/3292\/revisions\/3295"}],"up":[{"embeddable":true,"href":"https:\/\/salonamat.com\/index.php\/wp-json\/wp\/v2\/pages\/1215"}],"wp:attachment":[{"href":"https:\/\/salonamat.com\/index.php\/wp-json\/wp\/v2\/media?parent=3292"}],"wp:term":[{"taxonomy":"category","embeddable":true,"href":"https:\/\/salonamat.com\/index.php\/wp-json\/wp\/v2\/categories?post=3292"},{"taxonomy":"post_tag","embeddable":true,"href":"https:\/\/salonamat.com\/index.php\/wp-json\/wp\/v2\/tags?post=3292"}],"curies":[{"name":"wp","href":"https:\/\/api.w.org\/{rel}","templated":true}]}}