{"id":1642,"date":"2015-12-27T17:57:46","date_gmt":"2015-12-27T17:57:46","guid":{"rendered":"http:\/\/salonamat.com\/?page_id=1642"},"modified":"2023-05-17T11:01:48","modified_gmt":"2023-05-17T11:01:48","slug":"tiss-teint","status":"publish","type":"page","link":"https:\/\/salonamat.com\/index.php\/collections\/tissus\/tiss-teint\/","title":{"rendered":"TISS &#038; TEINT"},"content":{"rendered":"<div class=\"entry-content\">\n<p>Fabricant anglais de tissus fantaisies.<\/p>\n<p>Pas de minima.<\/p>\n<\/div>\n<p align=\"LEFT\"><a href=\"http:\/\/salonamat.com\/index.php\/agents\/olivier-amblard-et-gilles-cannat\/\">Repr\u00e9sent\u00e9 par Olivier Amblard et Gilles Cannat<\/a><\/p>\n<p class=\"jetpack-slideshow-noscript robots-nocontent\">Ce diaporama n\u00e9cessite JavaScript.<\/p><div id=\"gallery-1642-1-slideshow\" class=\"jetpack-slideshow-window jetpack-slideshow jetpack-slideshow-black\" data-trans=\"fade\" data-autostart=\"1\" data-gallery=\"[{&quot;src&quot;:&quot;https:\\\/\\\/i0.wp.com\\\/salonamat.com\\\/wp-content\\\/uploads\\\/2015\\\/12\\\/MARC-TISS-ET-TEINT-1.jpg?fit=720%2C480\\u0026ssl=1&quot;,&quot;id&quot;:&quot;498&quot;,&quot;title&quot;:&quot;MARC-TISS-ET-TEINT&quot;,&quot;alt&quot;:&quot;&quot;,&quot;caption&quot;:&quot;&quot;,&quot;itemprop&quot;:&quot;image&quot;},{&quot;src&quot;:&quot;https:\\\/\\\/i0.wp.com\\\/salonamat.com\\\/wp-content\\\/uploads\\\/2020\\\/12\\\/TISS-ET-TEINT1-1.jpg?fit=480%2C418\\u0026ssl=1&quot;,&quot;id&quot;:&quot;3213&quot;,&quot;title&quot;:&quot;TISS ET TEINT1&quot;,&quot;alt&quot;:&quot;&quot;,&quot;caption&quot;:&quot;&quot;,&quot;itemprop&quot;:&quot;image&quot;},{&quot;src&quot;:&quot;https:\\\/\\\/i0.wp.com\\\/salonamat.com\\\/wp-content\\\/uploads\\\/2020\\\/12\\\/TISS-ET-TEINT2-1.png?fit=361%2C457\\u0026ssl=1&quot;,&quot;id&quot;:&quot;3214&quot;,&quot;title&quot;:&quot;TISS ET TEINT2&quot;,&quot;alt&quot;:&quot;&quot;,&quot;caption&quot;:&quot;&quot;,&quot;itemprop&quot;:&quot;image&quot;},{&quot;src&quot;:&quot;https:\\\/\\\/i0.wp.com\\\/salonamat.com\\\/wp-content\\\/uploads\\\/2020\\\/12\\\/TISS-ET-TEINT3-1.png?fit=477%2C309\\u0026ssl=1&quot;,&quot;id&quot;:&quot;3215&quot;,&quot;title&quot;:&quot;TISS ET TEINT3&quot;,&quot;alt&quot;:&quot;&quot;,&quot;caption&quot;:&quot;&quot;,&quot;itemprop&quot;:&quot;image&quot;}]\" itemscope itemtype=\"https:\/\/schema.org\/ImageGallery\"><\/div>\n","protected":false},"excerpt":{"rendered":"<p>Fabricant anglais de tissus fantaisies. Pas de minima. Repr\u00e9sent\u00e9 par Olivier Amblard et Gilles Cannat <a href=\"https:\/\/salonamat.com\/index.php\/collections\/tissus\/tiss-teint\/\" class=\"more-link\">Continuer de lire <span class=\"screen-reader-text\">TISS &#038; TEINT<\/span><\/a><\/p>\n","protected":false},"author":3,"featured_media":0,"parent":1215,"menu_order":0,"comment_status":"closed","ping_status":"closed","template":"","meta":{"spay_email":""},"categories":[201,158,79,84,21,24,96,100,110,191,121,123,39,177,42,43,44,46,49,52,53],"tags":[],"jetpack_sharing_enabled":true,"jetpack_shortlink":"https:\/\/wp.me\/P7346W-qu","jetpack-related-posts":[{"id":4767,"url":"https:\/\/salonamat.com\/index.php\/collections\/tissus\/tiba\/","url_meta":{"origin":1642,"position":0},"title":"TIBA","date":"janvier 2, 2023","format":false,"excerpt":"Italie Tissus ind\u00e9maillables, maille circulaire et tissus 3D Jersey\/ Interlock Minima: 70 Mts Repr\u00e9sent\u00e9e par Philippe CAZELLES","rel":"","context":"Dans &quot;acrylique&quot;","img":{"alt_text":"","src":"https:\/\/i0.wp.com\/salonamat.com\/wp-content\/uploads\/2023\/01\/tiba-2.jpeg?resize=350%2C200","width":350,"height":200},"classes":[]},{"id":1215,"url":"https:\/\/salonamat.com\/index.php\/collections\/tissus\/","url_meta":{"origin":1642,"position":1},"title":"TISSUS","date":"d\u00e9cembre 14, 2015","format":false,"excerpt":"","rel":"","context":"Dans &quot;tissus&quot;","img":{"alt_text":"","src":"https:\/\/i0.wp.com\/salonamat.com\/wp-content\/uploads\/2015\/12\/REMI-THERMOCOLOR.jpg?resize=350%2C200","width":350,"height":200},"classes":[]},{"id":927,"url":"https:\/\/salonamat.com\/index.php\/collections\/tissus\/deniertex\/","url_meta":{"origin":1642,"position":2},"title":"DENIERTEX","date":"d\u00e9cembre 24, 2015","format":false,"excerpt":"Importateur espagnol tous tissus Pas de minima. Femme. Toutes compositions. Repr\u00e9sent\u00e9 par Philippe Berlande.","rel":"","context":"Dans &quot;cha\u00eene et trame&quot;","img":{"alt_text":"","src":"https:\/\/i0.wp.com\/salonamat.com\/wp-content\/uploads\/2015\/12\/PHILIPPE-DENIERTEX.jpg?resize=350%2C200","width":350,"height":200},"classes":[]},{"id":10120,"url":"https:\/\/salonamat.com\/index.php\/collections\/tissus\/bcn\/","url_meta":{"origin":1642,"position":3},"title":"BCN","date":"octobre 29, 2025","format":false,"excerpt":"Fabricant turc de tissus cha\u00eene-et-trame en poly viscose ea Polyester, \u00e9lasthanne, viscose... Repr\u00e9sent\u00e9 par Paul Mestrallet.","rel":"","context":"Dans &quot;cha\u00eene et trame&quot;","img":{"alt_text":"","src":"","width":0,"height":0},"classes":[]},{"id":1157,"url":"https:\/\/salonamat.com\/index.php\/collections\/tissus\/dutel\/","url_meta":{"origin":1642,"position":4},"title":"DUTEL","date":"d\u00e9cembre 25, 2015","format":false,"excerpt":"Fabricant fran\u00e7ais de tissus jacquard cha\u00eene-et-trame teint en fil et teint en pi\u00e8ce. Minima : 150 Mt. \/ couleur. Femme. Toutes compositions.Repr\u00e9sent\u00e9 par Katy P\u00e9choux.","rel":"","context":"Dans &quot;cha\u00eene et trame&quot;","img":{"alt_text":"","src":"https:\/\/i0.wp.com\/salonamat.com\/wp-content\/uploads\/2015\/12\/BABETTE-JEAN-LOUIS-DUTEL-1.jpg?resize=350%2C200","width":350,"height":200},"classes":[]},{"id":991,"url":"https:\/\/salonamat.com\/index.php\/collections\/tissus\/intesa\/","url_meta":{"origin":1642,"position":5},"title":"INTESA","date":"d\u00e9cembre 24, 2015","format":false,"excerpt":"Fabricant italien de tissus cha\u00eene-et-trame, maille, fantaisie, imprim\u00e9s, jacquards, basiques, dentelles. Minima : 1 pi\u00e8ce sur stock Femme. Toutes compositions. Repr\u00e9sent\u00e9 par V\u00e9ronique P\u00e9pin Bolliet.","rel":"","context":"Dans &quot;cha\u00eene et trame&quot;","img":{"alt_text":"","src":"https:\/\/i0.wp.com\/salonamat.com\/wp-content\/uploads\/2015\/12\/VERONIQUE-INTESA-1.jpg?resize=350%2C200","width":350,"height":200},"classes":[]}],"_links":{"self":[{"href":"https:\/\/salonamat.com\/index.php\/wp-json\/wp\/v2\/pages\/1642"}],"collection":[{"href":"https:\/\/salonamat.com\/index.php\/wp-json\/wp\/v2\/pages"}],"about":[{"href":"https:\/\/salonamat.com\/index.php\/wp-json\/wp\/v2\/types\/page"}],"author":[{"embeddable":true,"href":"https:\/\/salonamat.com\/index.php\/wp-json\/wp\/v2\/users\/3"}],"replies":[{"embeddable":true,"href":"https:\/\/salonamat.com\/index.php\/wp-json\/wp\/v2\/comments?post=1642"}],"version-history":[{"count":5,"href":"https:\/\/salonamat.com\/index.php\/wp-json\/wp\/v2\/pages\/1642\/revisions"}],"predecessor-version":[{"id":5333,"href":"https:\/\/salonamat.com\/index.php\/wp-json\/wp\/v2\/pages\/1642\/revisions\/5333"}],"up":[{"embeddable":true,"href":"https:\/\/salonamat.com\/index.php\/wp-json\/wp\/v2\/pages\/1215"}],"wp:attachment":[{"href":"https:\/\/salonamat.com\/index.php\/wp-json\/wp\/v2\/media?parent=1642"}],"wp:term":[{"taxonomy":"category","embeddable":true,"href":"https:\/\/salonamat.com\/index.php\/wp-json\/wp\/v2\/categories?post=1642"},{"taxonomy":"post_tag","embeddable":true,"href":"https:\/\/salonamat.com\/index.php\/wp-json\/wp\/v2\/tags?post=1642"}],"curies":[{"name":"wp","href":"https:\/\/api.w.org\/{rel}","templated":true}]}}

<div class="entry-content">
<p>Fabricant anglais de tissus fantaisies.</p>
<p>Pas de minima.</p>
</div>
<p align="LEFT"><a href="http://salonamat.com/index.php/agents/olivier-amblard-et-gilles-cannat/">Représenté par Olivier Amblard et Gilles Cannat</a></p>
<p class="jetpack-slideshow-noscript robots-nocontent">Ce diaporama nécessite JavaScript.</p><div id="gallery-1642-1-slideshow" class="jetpack-slideshow-window jetpack-slideshow jetpack-slideshow-black" data-trans="fade" data-autostart="1" data-gallery="[{&quot;src&quot;:&quot;https:\/\/i0.wp.com\/salonamat.com\/wp-content\/uploads\/2015\/12\/MARC-TISS-ET-TEINT-1.jpg?fit=720%2C480\u0026ssl=1&quot;,&quot;id&quot;:&quot;498&quot;,&quot;title&quot;:&quot;MARC-TISS-ET-TEINT&quot;,&quot;alt&quot;:&quot;&quot;,&quot;caption&quot;:&quot;&quot;,&quot;itemprop&quot;:&quot;image&quot;},{&quot;src&quot;:&quot;https:\/\/i0.wp.com\/salonamat.com\/wp-content\/uploads\/2020\/12\/TISS-ET-TEINT1-1.jpg?fit=480%2C418\u0026ssl=1&quot;,&quot;id&quot;:&quot;3213&quot;,&quot;title&quot;:&quot;TISS ET TEINT1&quot;,&quot;alt&quot;:&quot;&quot;,&quot;caption&quot;:&quot;&quot;,&quot;itemprop&quot;:&quot;image&quot;},{&quot;src&quot;:&quot;https:\/\/i0.wp.com\/salonamat.com\/wp-content\/uploads\/2020\/12\/TISS-ET-TEINT2-1.png?fit=361%2C457\u0026ssl=1&quot;,&quot;id&quot;:&quot;3214&quot;,&quot;title&quot;:&quot;TISS ET TEINT2&quot;,&quot;alt&quot;:&quot;&quot;,&quot;caption&quot;:&quot;&quot;,&quot;itemprop&quot;:&quot;image&quot;},{&quot;src&quot;:&quot;https:\/\/i0.wp.com\/salonamat.com\/wp-content\/uploads\/2020\/12\/TISS-ET-TEINT3-1.png?fit=477%2C309\u0026ssl=1&quot;,&quot;id&quot;:&quot;3215&quot;,&quot;title&quot;:&quot;TISS ET TEINT3&quot;,&quot;alt&quot;:&quot;&quot;,&quot;caption&quot;:&quot;&quot;,&quot;itemprop&quot;:&quot;image&quot;}]" itemscope itemtype="https://schema.org/ImageGallery"></div>

<p>Fabricant anglais de tissus fantaisies. Pas de minima. Représenté par Olivier Amblard et Gilles Cannat <a href="https://salonamat.com/index.php/collections/tissus/tiss-teint/" class="more-link">Continuer de lire <span class="screen-reader-text">TISS &#038; TEINT</span></a></p>

Italie Tissus indémaillables, maille circulaire et tissus 3D Jersey/ Interlock Minima: 70 Mts Représentée par Philippe CAZELLES

décembre 14, 2015

décembre 24, 2015

Importateur espagnol tous tissus Pas de minima. Femme. Toutes compositions. Représenté par Philippe Berlande.

Dans &quot;chaîne et trame&quot;

Fabricant turc de tissus chaîne-et-trame en poly viscose ea Polyester, élasthanne, viscose... Représenté par Paul Mestrallet.

décembre 25, 2015

Fabricant français de tissus jacquard chaîne-et-trame teint en fil et teint en pièce. Minima : 150 Mt. / couleur. Femme. Toutes compositions.Représenté par Katy Péchoux.

Fabricant italien de tissus chaîne-et-trame, maille, fantaisie, imprimés, jacquards, basiques, dentelles. Minima : 1 pièce sur stock Femme. Toutes compositions. Représenté par Véronique Pépin Bolliet.
