{"id":1233,"date":"2015-12-14T19:59:15","date_gmt":"2015-12-14T19:59:15","guid":{"rendered":"http:\/\/salongeatra.com\/?page_id=123"},"modified":"2024-02-01T10:55:18","modified_gmt":"2024-02-01T10:55:18","slug":"remi-oddon","status":"publish","type":"page","link":"https:\/\/salonamat.com\/index.php\/agents\/remi-oddon\/","title":{"rendered":"R\u00e9mi ODDON"},"content":{"rendered":"\n<div class=\"wp-block-columns is-layout-flex wp-container-3\">\n<div class=\"wp-block-column is-layout-flow\" style=\"flex-basis:66.66%\">\n<p>850, avenue Louis Crozet<\/p>\n\n\n\n<p>Les Bastides de Rinaldi Bat C<\/p>\n\n\n\n<p>13600 LA CIOTAT<\/p>\n\n\n\n<p>France<\/p>\n\n\n\n<p><a href=\"mailto:remi.oddon@orange.fr\">contacter R\u00e9mi par courriel <\/a><a href=\"mailto:remi.oddon13@gmail.com\">en<\/a><a href=\"mailto:remi.oddon@orange.fr\"> cliquant sur ce lien<\/a><\/p>\n\n\n\n<p>Portable +33 6 07 51 92 67<\/p>\n\n\n\n<p><strong>MAISONS REPRESENTEES<\/strong><\/p>\n\n\n\n<p><\/p>\n\n\n\n<ul>\n<li><strong><a href=\"http:\/\/salonamat.com\/index.php\/collections\/tissus\/nooteboom-textiles\/\">NOOTEBOOM<\/a><\/strong><\/li>\n\n\n\n<li><strong><a href=\"http:\/\/salonamat.com\/index.php\/collections\/tissus\/nooteboom-textiles\/\">TDI<\/a><\/strong><\/li>\n<\/ul>\n<\/div>\n\n\n\n<div class=\"wp-block-column is-layout-flow\" style=\"flex-basis:33.33%\">\n<figure class=\"wp-block-image size-medium\"><img data-attachment-id=\"1529\" data-permalink=\"https:\/\/salonamat.com\/remi-000\/\" data-orig-file=\"https:\/\/i0.wp.com\/salonamat.com\/wp-content\/uploads\/2015\/12\/REMI-000.jpg?fit=750%2C1000&amp;ssl=1\" data-orig-size=\"750,1000\" data-comments-opened=\"1\" data-image-meta=\"{&quot;aperture&quot;:&quot;0&quot;,&quot;credit&quot;:&quot;&quot;,&quot;camera&quot;:&quot;&quot;,&quot;caption&quot;:&quot;&quot;,&quot;created_timestamp&quot;:&quot;0&quot;,&quot;copyright&quot;:&quot;&quot;,&quot;focal_length&quot;:&quot;0&quot;,&quot;iso&quot;:&quot;0&quot;,&quot;shutter_speed&quot;:&quot;0&quot;,&quot;title&quot;:&quot;&quot;,&quot;orientation&quot;:&quot;1&quot;}\" data-image-title=\"REMI-000\" data-image-description=\"\" data-image-caption=\"&lt;p&gt;R\u00e9mi Oddon&lt;\/p&gt;\n\" data-medium-file=\"https:\/\/i0.wp.com\/salonamat.com\/wp-content\/uploads\/2015\/12\/REMI-000.jpg?fit=225%2C300&amp;ssl=1\" data-large-file=\"https:\/\/i0.wp.com\/salonamat.com\/wp-content\/uploads\/2015\/12\/REMI-000.jpg?fit=720%2C960&amp;ssl=1\" decoding=\"async\" loading=\"lazy\" width=\"225\" height=\"300\" src=\"https:\/\/i0.wp.com\/salonamat.com\/wp-content\/uploads\/2015\/12\/REMI-000.jpg?resize=225%2C300\" alt=\"\" class=\"wp-image-1529\" srcset=\"https:\/\/i0.wp.com\/salonamat.com\/wp-content\/uploads\/2015\/12\/REMI-000.jpg?resize=225%2C300&amp;ssl=1 225w, https:\/\/i0.wp.com\/salonamat.com\/wp-content\/uploads\/2015\/12\/REMI-000.jpg?resize=68%2C90&amp;ssl=1 68w, https:\/\/i0.wp.com\/salonamat.com\/wp-content\/uploads\/2015\/12\/REMI-000.jpg?w=750&amp;ssl=1 750w\" sizes=\"(max-width: 225px) 100vw, 225px\" data-recalc-dims=\"1\" \/><\/figure>\n<\/div>\n<\/div>\n","protected":false},"excerpt":{"rendered":"<p>850, avenue Louis Crozet Les Bastides de Rinaldi Bat C 13600 LA CIOTAT France contacter R\u00e9mi par courriel en cliquant sur ce lien Portable +33 6 07 51 92 67 MAISONS REPRESENTEES <a href=\"https:\/\/salonamat.com\/index.php\/agents\/remi-oddon\/\" class=\"more-link\">Continuer de lire <span class=\"screen-reader-text\">R\u00e9mi ODDON<\/span><\/a><\/p>\n","protected":false},"author":2,"featured_media":0,"parent":1225,"menu_order":0,"comment_status":"closed","ping_status":"closed","template":"","meta":{"spay_email":""},"categories":[4],"tags":[],"jetpack_sharing_enabled":true,"jetpack_shortlink":"https:\/\/wp.me\/P7346W-jT","jetpack-related-posts":[{"id":1225,"url":"https:\/\/salonamat.com\/index.php\/agents\/","url_meta":{"origin":1233,"position":0},"title":"AGENTS","date":"d\u00e9cembre 14, 2015","format":false,"excerpt":"V\u00e9ronique PEPIN BOLLIETR\u00e9mi OddonPhilippe BERLANDEPaul MestralletOlivier GlorieuxMehdi LagrouKaty PECHOUXGaelle GRISARDFran\u00e7ois ChandelierChristine DEPORTEArmelle BLETTNERLionel ROBLETGilles CANNATOlivier AMBLARD Anne JOUVECaroline GODETSylvie BUSSEUIL","rel":"","context":"Dans &quot;agents&quot;","img":{"alt_text":"","src":"https:\/\/i0.wp.com\/salonamat.com\/wp-content\/uploads\/2015\/12\/VERONIQUE-000-1.jpg?resize=350%2C200&ssl=1","width":350,"height":200},"classes":[]},{"id":1041,"url":"https:\/\/salonamat.com\/index.php\/collections\/tissus\/tdi\/","url_meta":{"origin":1233,"position":1},"title":"TDI","date":"d\u00e9cembre 25, 2015","format":false,"excerpt":"Fabricant autrichien de jersey coton imprim\u00e9 pour lingerie nuit. Minima : 300 Mt. Femme, homme. Coton, \u00e9lasthanne. Repr\u00e9sent\u00e9 par R\u00e9mi Oddon.","rel":"","context":"Dans &quot;coton&quot;","img":{"alt_text":"","src":"https:\/\/i0.wp.com\/salonamat.com\/wp-content\/uploads\/2015\/12\/REMI-TDI.jpg?resize=350%2C200","width":350,"height":200},"classes":[]},{"id":2085,"url":"https:\/\/salonamat.com\/index.php\/collections\/tissus\/fashion-collection\/","url_meta":{"origin":1233,"position":2},"title":"FASHION COLLECTION &#8211; TMC","date":"mai 3, 2016","format":false,"excerpt":"Fashion Collection - TMC Sp\u00e9cialiste allemand d\u2019impression en transfert sur maille majoritairement polyester. Minima\u00a0: 350m Femme Polyester, Elasthanne Repr\u00e9sent\u00e9 par R\u00e9mi Oddon.","rel":"","context":"Dans &quot;cha\u00eene et trame&quot;","img":{"alt_text":"","src":"https:\/\/i0.wp.com\/salonamat.com\/wp-content\/uploads\/2016\/05\/REMI-FASHION-COLLECTION.jpg?resize=350%2C200","width":350,"height":200},"classes":[]},{"id":1045,"url":"https:\/\/salonamat.com\/index.php\/collections\/tissus\/nooteboom-textiles\/","url_meta":{"origin":1233,"position":3},"title":"NOOTEBOOM","date":"d\u00e9cembre 25, 2015","format":false,"excerpt":"Importateur n\u00e9erlandais de tissus fantaisie pour la confection de v\u00eatements. Pr\u00eat \u00e0 Porter F\u00e9minin, Enfant, Homme, v\u00eatement professionnel, vente au m\u00e8tre en ligne et en boutique Minimum de commande: 12 m Repr\u00e9sent\u00e9 R\u00e9mi Oddon.","rel":"","context":"Dans &quot;ameublement&quot;","img":{"alt_text":"","src":"https:\/\/i0.wp.com\/salonamat.com\/wp-content\/uploads\/2015\/12\/REMI-NOOTEBOOM-TEXTILES.jpg?resize=350%2C200","width":350,"height":200},"classes":[]}],"_links":{"self":[{"href":"https:\/\/salonamat.com\/index.php\/wp-json\/wp\/v2\/pages\/1233"}],"collection":[{"href":"https:\/\/salonamat.com\/index.php\/wp-json\/wp\/v2\/pages"}],"about":[{"href":"https:\/\/salonamat.com\/index.php\/wp-json\/wp\/v2\/types\/page"}],"author":[{"embeddable":true,"href":"https:\/\/salonamat.com\/index.php\/wp-json\/wp\/v2\/users\/2"}],"replies":[{"embeddable":true,"href":"https:\/\/salonamat.com\/index.php\/wp-json\/wp\/v2\/comments?post=1233"}],"version-history":[{"count":15,"href":"https:\/\/salonamat.com\/index.php\/wp-json\/wp\/v2\/pages\/1233\/revisions"}],"predecessor-version":[{"id":6423,"href":"https:\/\/salonamat.com\/index.php\/wp-json\/wp\/v2\/pages\/1233\/revisions\/6423"}],"up":[{"embeddable":true,"href":"https:\/\/salonamat.com\/index.php\/wp-json\/wp\/v2\/pages\/1225"}],"wp:attachment":[{"href":"https:\/\/salonamat.com\/index.php\/wp-json\/wp\/v2\/media?parent=1233"}],"wp:term":[{"taxonomy":"category","embeddable":true,"href":"https:\/\/salonamat.com\/index.php\/wp-json\/wp\/v2\/categories?post=1233"},{"taxonomy":"post_tag","embeddable":true,"href":"https:\/\/salonamat.com\/index.php\/wp-json\/wp\/v2\/tags?post=1233"}],"curies":[{"name":"wp","href":"https:\/\/api.w.org\/{rel}","templated":true}]}}