{"id":1230,"date":"2015-12-14T19:14:28","date_gmt":"2015-12-14T19:14:28","guid":{"rendered":"http:\/\/salongeatra.com\/?page_id=107"},"modified":"2024-12-05T08:55:00","modified_gmt":"2024-12-05T08:55:00","slug":"veronique-pepin-bolliet","status":"publish","type":"page","link":"https:\/\/salonamat.com\/index.php\/agents\/veronique-pepin-bolliet\/","title":{"rendered":"V\u00e9ronique PEPIN BOLLIET"},"content":{"rendered":"<p><span style=\"color: #000000;\"><span style=\"font-family: Century Gothic,sans-serif;\">284 rue de la Barmelle<img data-attachment-id=\"574\" data-permalink=\"https:\/\/salonamat.com\/veronique-000-2-2\/\" data-orig-file=\"https:\/\/i0.wp.com\/salonamat.com\/wp-content\/uploads\/2015\/12\/VERONIQUE-000-1-1.jpg?fit=750%2C1000&amp;ssl=1\" data-orig-size=\"750,1000\" data-comments-opened=\"1\" data-image-meta=\"{&quot;aperture&quot;:&quot;0&quot;,&quot;credit&quot;:&quot;&quot;,&quot;camera&quot;:&quot;&quot;,&quot;caption&quot;:&quot;&quot;,&quot;created_timestamp&quot;:&quot;0&quot;,&quot;copyright&quot;:&quot;&quot;,&quot;focal_length&quot;:&quot;0&quot;,&quot;iso&quot;:&quot;0&quot;,&quot;shutter_speed&quot;:&quot;0&quot;,&quot;title&quot;:&quot;&quot;,&quot;orientation&quot;:&quot;1&quot;}\" data-image-title=\"VERONIQUE-000\" data-image-description=\"\" data-image-caption=\"\" data-medium-file=\"https:\/\/i0.wp.com\/salonamat.com\/wp-content\/uploads\/2015\/12\/VERONIQUE-000-1-1.jpg?fit=225%2C300&amp;ssl=1\" data-large-file=\"https:\/\/i0.wp.com\/salonamat.com\/wp-content\/uploads\/2015\/12\/VERONIQUE-000-1-1.jpg?fit=720%2C960&amp;ssl=1\" decoding=\"async\" loading=\"lazy\" class=\"wp-image-574 size-medium alignright\" src=\"https:\/\/i0.wp.com\/salonamat.com\/wp-content\/uploads\/2015\/12\/VERONIQUE-000-1-1.jpg?resize=225%2C300\" alt=\"\" width=\"225\" height=\"300\" srcset=\"https:\/\/i0.wp.com\/salonamat.com\/wp-content\/uploads\/2015\/12\/VERONIQUE-000-1-1.jpg?resize=225%2C300&amp;ssl=1 225w, https:\/\/i0.wp.com\/salonamat.com\/wp-content\/uploads\/2015\/12\/VERONIQUE-000-1-1.jpg?resize=68%2C90&amp;ssl=1 68w, https:\/\/i0.wp.com\/salonamat.com\/wp-content\/uploads\/2015\/12\/VERONIQUE-000-1-1.jpg?w=750&amp;ssl=1 750w\" sizes=\"(max-width: 225px) 100vw, 225px\" data-recalc-dims=\"1\" \/><\/span><\/span><\/p>\n<p><span style=\"color: #000000;\"><span style=\"font-family: Century Gothic,sans-serif;\">69250 Montanay<\/span><\/span><\/p>\n<p><span style=\"color: #800080;\"><span style=\"font-family: Century Gothic,sans-serif;\"><a style=\"color: #800080;\" href=\"mailto:veronique.pepin4@orange.fr\">contacter V\u00e9ronique par courriel en cliquant sur ce lien<\/a><\/span><\/span><\/p>\n<p><span style=\"color: #000000;\"><span style=\"font-family: Century Gothic,sans-serif;\">06 07 27 90 20<\/span><\/span><\/p>\n<p><span style=\"font-family: Century Gothic,sans-serif;\"><u><b>MAISONS REPRESENTEES<\/b><\/u><\/span><b><\/b><\/p>\n<ul>\n<li><a href=\"http:\/\/salonamat.com\/index.php\/collections\/tissus\/cambi\/\"><strong>CAMBI<\/strong><\/a><\/li>\n<li>DAVARIS<\/li>\n<li><span style=\"font-family: Century Gothic,sans-serif;\"><b><a href=\"http:\/\/salonamat.com\/index.php\/collections\/tissus\/intesa\/\">INTESA<\/a><\/b><\/span><\/li>\n<li><a href=\"https:\/\/salonamat.com\/index.php\/collections\/tissus\/knipidee\/\">KNIPIDEE<\/a><\/li>\n<li>LIOLIOS<\/li>\n<li>MORGANTI<\/li>\n<li><a href=\"http:\/\/salonamat.com\/index.php\/collections\/tissus\/novalansa\/\"><strong>NOVALANSA<\/strong><\/a><\/li>\n<li>PREMIERTEX<\/li>\n<li>TEXATHENEA<\/li>\n<\/ul>\n","protected":false},"excerpt":{"rendered":"<p>284 rue de la Barmelle 69250 Montanay contacter V\u00e9ronique par courriel en cliquant sur ce lien 06 07 27 90 20 MAISONS REPRESENTEES CAMBI DAVARIS INTESA KNIPIDEE LIOLIOS MORGANTI NOVALANSA PREMIERTEX TEXATHENEA <a href=\"https:\/\/salonamat.com\/index.php\/agents\/veronique-pepin-bolliet\/\" class=\"more-link\">Continuer de lire <span class=\"screen-reader-text\">V\u00e9ronique PEPIN BOLLIET<\/span><\/a><\/p>\n","protected":false},"author":2,"featured_media":0,"parent":1225,"menu_order":0,"comment_status":"closed","ping_status":"closed","template":"","meta":{"spay_email":""},"categories":[4],"tags":[],"jetpack_sharing_enabled":true,"jetpack_shortlink":"https:\/\/wp.me\/P7346W-jQ","jetpack-related-posts":[{"id":1225,"url":"https:\/\/salonamat.com\/index.php\/agents\/","url_meta":{"origin":1230,"position":0},"title":"AGENTS","date":"d\u00e9cembre 14, 2015","format":false,"excerpt":"V\u00e9ronique PEPIN BOLLIETR\u00e9mi OddonPhilippe BERLANDEPaul MestralletOlivier GlorieuxMehdi LagrouKaty PECHOUXGaelle GRISARDFran\u00e7ois ChandelierChristine DEPORTEArmelle BLETTNERLionel ROBLETGilles CANNATOlivier AMBLARD Anne JOUVECaroline GODETSylvie BUSSEUIL","rel":"","context":"Dans &quot;agents&quot;","img":{"alt_text":"","src":"https:\/\/i0.wp.com\/salonamat.com\/wp-content\/uploads\/2015\/12\/VERONIQUE-000-1.jpg?resize=350%2C200&ssl=1","width":350,"height":200},"classes":[]},{"id":995,"url":"https:\/\/salonamat.com\/index.php\/collections\/tissus\/nencini\/","url_meta":{"origin":1230,"position":1},"title":"NENCINI","date":"d\u00e9cembre 24, 2015","format":false,"excerpt":"Fabricant italien de lainage jacquard fantaisie. Minima : 200 Mt Femme. Polyester, acrylique, laine, m\u00e9langes. Repr\u00e9sent\u00e9 par V\u00e9ronique P\u00e9pin Bolliet.","rel":"","context":"Dans &quot;acrylique&quot;","img":{"alt_text":"","src":"https:\/\/i0.wp.com\/salonamat.com\/wp-content\/uploads\/2015\/12\/VERONIQUE-NENCINI-1.jpg?resize=350%2C200","width":350,"height":200},"classes":[]},{"id":997,"url":"https:\/\/salonamat.com\/index.php\/collections\/tissus\/alfa-fi\/","url_meta":{"origin":1230,"position":2},"title":"ALFA-FI","date":"d\u00e9cembre 24, 2015","format":false,"excerpt":"Fabricant italien de cha\u00eene-et-trame, tiss\u00e9s classiques. Minima : 300 Mt Femme, homme. Coton, polyester, \u00e9lasthanne, laine, m\u00e9langes. Repr\u00e9sent\u00e9 par V\u00e9ronique P\u00e9pin Bolliet. \u00a0","rel":"","context":"Dans &quot;cha\u00eene et trame&quot;","img":{"alt_text":"","src":"https:\/\/i0.wp.com\/salonamat.com\/wp-content\/uploads\/2015\/12\/VERONIQUE-ALFA-FI-1.jpg?resize=350%2C200","width":350,"height":200},"classes":[]},{"id":991,"url":"https:\/\/salonamat.com\/index.php\/collections\/tissus\/intesa\/","url_meta":{"origin":1230,"position":3},"title":"INTESA","date":"d\u00e9cembre 24, 2015","format":false,"excerpt":"Fabricant italien de tissus cha\u00eene-et-trame, maille, fantaisie, imprim\u00e9s, jacquards, basiques, dentelles. Minima : 1 pi\u00e8ce sur stock Femme. Toutes compositions. Repr\u00e9sent\u00e9 par V\u00e9ronique P\u00e9pin Bolliet.","rel":"","context":"Dans &quot;cha\u00eene et trame&quot;","img":{"alt_text":"","src":"https:\/\/i0.wp.com\/salonamat.com\/wp-content\/uploads\/2015\/12\/VERONIQUE-INTESA-1.jpg?resize=350%2C200","width":350,"height":200},"classes":[]},{"id":2536,"url":"https:\/\/salonamat.com\/index.php\/collections\/tissus\/cambi\/","url_meta":{"origin":1230,"position":4},"title":"CAMBI","date":"janvier 23, 2019","format":false,"excerpt":"Fabricant italien de mailles \u00a0fantaisies et unies, lurex, jacquards, tricots, m\u00e9langes mati\u00e8res prix de 4 \u00e0 7 euros \/ mt Echantillonnage : pas de minima Production : 300 m\u00e8tres minimum voir moins avec suppl\u00e9ment Repr\u00e9sent\u00e9 par V\u00e9ronique P\u00e9pin Bolliet.","rel":"","context":"Dans &quot;entr\u00e9e de gamme&quot;","img":{"alt_text":"","src":"https:\/\/i0.wp.com\/salonamat.com\/wp-content\/uploads\/2019\/01\/CAMBI-01.jpg?resize=350%2C200","width":350,"height":200},"classes":[]},{"id":827,"url":"https:\/\/salonamat.com\/index.php\/collections\/tissus\/knipidee\/","url_meta":{"origin":1230,"position":5},"title":"KNIPIDEE","date":"d\u00e9cembre 22, 2015","format":false,"excerpt":"Importateur n\u00e9erlandais de tissus cha\u00eene-et-trame et maille. Minima : 15 mt sur stock. Femme, homme, enfant. Toutes compositions. Petites quantit\u00e9s. Repr\u00e9sent\u00e9 par V\u00e9ronique PEPIN BOLLIET","rel":"","context":"Dans &quot;ac\u00e9tate&quot;","img":{"alt_text":"","src":"https:\/\/i0.wp.com\/salonamat.com\/wp-content\/uploads\/2015\/12\/ANNE-KNIPIDEE-1.jpg?resize=350%2C200","width":350,"height":200},"classes":[]}],"_links":{"self":[{"href":"https:\/\/salonamat.com\/index.php\/wp-json\/wp\/v2\/pages\/1230"}],"collection":[{"href":"https:\/\/salonamat.com\/index.php\/wp-json\/wp\/v2\/pages"}],"about":[{"href":"https:\/\/salonamat.com\/index.php\/wp-json\/wp\/v2\/types\/page"}],"author":[{"embeddable":true,"href":"https:\/\/salonamat.com\/index.php\/wp-json\/wp\/v2\/users\/2"}],"replies":[{"embeddable":true,"href":"https:\/\/salonamat.com\/index.php\/wp-json\/wp\/v2\/comments?post=1230"}],"version-history":[{"count":13,"href":"https:\/\/salonamat.com\/index.php\/wp-json\/wp\/v2\/pages\/1230\/revisions"}],"predecessor-version":[{"id":7935,"href":"https:\/\/salonamat.com\/index.php\/wp-json\/wp\/v2\/pages\/1230\/revisions\/7935"}],"up":[{"embeddable":true,"href":"https:\/\/salonamat.com\/index.php\/wp-json\/wp\/v2\/pages\/1225"}],"wp:attachment":[{"href":"https:\/\/salonamat.com\/index.php\/wp-json\/wp\/v2\/media?parent=1230"}],"wp:term":[{"taxonomy":"category","embeddable":true,"href":"https:\/\/salonamat.com\/index.php\/wp-json\/wp\/v2\/categories?post=1230"},{"taxonomy":"post_tag","embeddable":true,"href":"https:\/\/salonamat.com\/index.php\/wp-json\/wp\/v2\/tags?post=1230"}],"curies":[{"name":"wp","href":"https:\/\/api.w.org\/{rel}","templated":true}]}}