{"id":1225,"date":"2015-12-14T18:57:21","date_gmt":"2015-12-14T18:57:21","guid":{"rendered":"http:\/\/salongeatra.com\/?page_id=94"},"modified":"2025-12-09T10:46:28","modified_gmt":"2025-12-09T10:46:28","slug":"agents","status":"publish","type":"page","link":"https:\/\/salonamat.com\/index.php\/agents\/","title":{"rendered":"AGENTS"},"content":{"rendered":"\n<div class=\"wp-block-jetpack-slideshow\" data-effect=\"slide\"><div class=\"wp-block-jetpack-slideshow_container swiper-container\"><ul class=\"wp-block-jetpack-slideshow_swiper-wrapper swiper-wrapper\"><li class=\"wp-block-jetpack-slideshow_slide swiper-slide\"><figure><img decoding=\"async\" loading=\"lazy\" width=\"225\" height=\"300\" alt=\"\" class=\"wp-block-jetpack-slideshow_image wp-image-303\" data-id=\"303\" src=\"https:\/\/i0.wp.com\/salonamat.com\/wp-content\/uploads\/2015\/12\/VERONIQUE-000-1.jpg?resize=225%2C300\" srcset=\"https:\/\/i0.wp.com\/salonamat.com\/wp-content\/uploads\/2015\/12\/VERONIQUE-000-1.jpg?resize=225%2C300&amp;ssl=1 225w, https:\/\/i0.wp.com\/salonamat.com\/wp-content\/uploads\/2015\/12\/VERONIQUE-000-1.jpg?resize=68%2C90&amp;ssl=1 68w, https:\/\/i0.wp.com\/salonamat.com\/wp-content\/uploads\/2015\/12\/VERONIQUE-000-1.jpg?w=750&amp;ssl=1 750w\" sizes=\"(max-width: 225px) 100vw, 225px\" data-recalc-dims=\"1\" \/><figcaption class=\"wp-block-jetpack-slideshow_caption gallery-caption\">V\u00e9ronique PEPIN BOLLIET<\/figcaption><\/figure><\/li><li class=\"wp-block-jetpack-slideshow_slide swiper-slide\"><figure><img decoding=\"async\" loading=\"lazy\" width=\"225\" height=\"300\" alt=\"\" class=\"wp-block-jetpack-slideshow_image wp-image-302\" data-id=\"302\" src=\"https:\/\/i0.wp.com\/salonamat.com\/wp-content\/uploads\/2015\/12\/REMI-000-1.jpg?resize=225%2C300\" srcset=\"https:\/\/i0.wp.com\/salonamat.com\/wp-content\/uploads\/2015\/12\/REMI-000-1.jpg?resize=225%2C300&amp;ssl=1 225w, https:\/\/i0.wp.com\/salonamat.com\/wp-content\/uploads\/2015\/12\/REMI-000-1.jpg?resize=68%2C90&amp;ssl=1 68w, https:\/\/i0.wp.com\/salonamat.com\/wp-content\/uploads\/2015\/12\/REMI-000-1.jpg?w=750&amp;ssl=1 750w\" sizes=\"(max-width: 225px) 100vw, 225px\" data-recalc-dims=\"1\" \/><figcaption class=\"wp-block-jetpack-slideshow_caption gallery-caption\">R\u00e9mi Oddon<\/figcaption><\/figure><\/li><li class=\"wp-block-jetpack-slideshow_slide swiper-slide\"><figure><img decoding=\"async\" loading=\"lazy\" width=\"225\" height=\"300\" alt=\"\" class=\"wp-block-jetpack-slideshow_image wp-image-301\" data-id=\"301\" src=\"https:\/\/i0.wp.com\/salonamat.com\/wp-content\/uploads\/2015\/12\/PHILIPPE-000-1.jpg?resize=225%2C300\" srcset=\"https:\/\/i0.wp.com\/salonamat.com\/wp-content\/uploads\/2015\/12\/PHILIPPE-000-1.jpg?resize=225%2C300&amp;ssl=1 225w, https:\/\/i0.wp.com\/salonamat.com\/wp-content\/uploads\/2015\/12\/PHILIPPE-000-1.jpg?resize=68%2C90&amp;ssl=1 68w, https:\/\/i0.wp.com\/salonamat.com\/wp-content\/uploads\/2015\/12\/PHILIPPE-000-1.jpg?w=750&amp;ssl=1 750w\" sizes=\"(max-width: 225px) 100vw, 225px\" data-recalc-dims=\"1\" \/><figcaption class=\"wp-block-jetpack-slideshow_caption gallery-caption\">Philippe BERLANDE<\/figcaption><\/figure><\/li><li class=\"wp-block-jetpack-slideshow_slide swiper-slide\"><figure><img decoding=\"async\" loading=\"lazy\" width=\"225\" height=\"300\" alt=\"\" class=\"wp-block-jetpack-slideshow_image wp-image-300\" data-id=\"300\" src=\"https:\/\/i0.wp.com\/salonamat.com\/wp-content\/uploads\/2015\/12\/PAUL-000-1.jpg?resize=225%2C300\" srcset=\"https:\/\/i0.wp.com\/salonamat.com\/wp-content\/uploads\/2015\/12\/PAUL-000-1.jpg?resize=225%2C300&amp;ssl=1 225w, https:\/\/i0.wp.com\/salonamat.com\/wp-content\/uploads\/2015\/12\/PAUL-000-1.jpg?resize=68%2C90&amp;ssl=1 68w, https:\/\/i0.wp.com\/salonamat.com\/wp-content\/uploads\/2015\/12\/PAUL-000-1.jpg?w=750&amp;ssl=1 750w\" sizes=\"(max-width: 225px) 100vw, 225px\" data-recalc-dims=\"1\" \/><figcaption class=\"wp-block-jetpack-slideshow_caption gallery-caption\">Paul Mestrallet<\/figcaption><\/figure><\/li><li class=\"wp-block-jetpack-slideshow_slide swiper-slide\"><figure><img decoding=\"async\" loading=\"lazy\" width=\"225\" height=\"300\" alt=\"\" class=\"wp-block-jetpack-slideshow_image wp-image-299\" data-id=\"299\" src=\"https:\/\/i0.wp.com\/salonamat.com\/wp-content\/uploads\/2015\/12\/OLIVIER-000-1.jpg?resize=225%2C300\" srcset=\"https:\/\/i0.wp.com\/salonamat.com\/wp-content\/uploads\/2015\/12\/OLIVIER-000-1.jpg?resize=225%2C300&amp;ssl=1 225w, https:\/\/i0.wp.com\/salonamat.com\/wp-content\/uploads\/2015\/12\/OLIVIER-000-1.jpg?resize=68%2C90&amp;ssl=1 68w, https:\/\/i0.wp.com\/salonamat.com\/wp-content\/uploads\/2015\/12\/OLIVIER-000-1.jpg?w=750&amp;ssl=1 750w\" sizes=\"(max-width: 225px) 100vw, 225px\" data-recalc-dims=\"1\" \/><figcaption class=\"wp-block-jetpack-slideshow_caption gallery-caption\">Olivier Glorieux<\/figcaption><\/figure><\/li><li class=\"wp-block-jetpack-slideshow_slide swiper-slide\"><figure><img decoding=\"async\" loading=\"lazy\" width=\"225\" height=\"300\" alt=\"\" class=\"wp-block-jetpack-slideshow_image wp-image-298\" data-id=\"298\" src=\"https:\/\/i0.wp.com\/salonamat.com\/wp-content\/uploads\/2015\/12\/MEHDI-000-1.jpg?resize=225%2C300\" srcset=\"https:\/\/i0.wp.com\/salonamat.com\/wp-content\/uploads\/2015\/12\/MEHDI-000-1.jpg?resize=225%2C300&amp;ssl=1 225w, https:\/\/i0.wp.com\/salonamat.com\/wp-content\/uploads\/2015\/12\/MEHDI-000-1.jpg?resize=68%2C90&amp;ssl=1 68w, https:\/\/i0.wp.com\/salonamat.com\/wp-content\/uploads\/2015\/12\/MEHDI-000-1.jpg?w=750&amp;ssl=1 750w\" sizes=\"(max-width: 225px) 100vw, 225px\" data-recalc-dims=\"1\" \/><figcaption class=\"wp-block-jetpack-slideshow_caption gallery-caption\">Mehdi Lagrou<\/figcaption><\/figure><\/li><li class=\"wp-block-jetpack-slideshow_slide swiper-slide\"><figure><img decoding=\"async\" loading=\"lazy\" width=\"225\" height=\"300\" alt=\"\" class=\"wp-block-jetpack-slideshow_image wp-image-294\" data-id=\"294\" src=\"https:\/\/i0.wp.com\/salonamat.com\/wp-content\/uploads\/2015\/12\/KATY-000-1.jpg?resize=225%2C300\" srcset=\"https:\/\/i0.wp.com\/salonamat.com\/wp-content\/uploads\/2015\/12\/KATY-000-1.jpg?resize=225%2C300&amp;ssl=1 225w, https:\/\/i0.wp.com\/salonamat.com\/wp-content\/uploads\/2015\/12\/KATY-000-1.jpg?resize=68%2C90&amp;ssl=1 68w, https:\/\/i0.wp.com\/salonamat.com\/wp-content\/uploads\/2015\/12\/KATY-000-1.jpg?w=750&amp;ssl=1 750w\" sizes=\"(max-width: 225px) 100vw, 225px\" data-recalc-dims=\"1\" \/><figcaption class=\"wp-block-jetpack-slideshow_caption gallery-caption\">Katy PECHOUX<\/figcaption><\/figure><\/li><li class=\"wp-block-jetpack-slideshow_slide swiper-slide\"><figure><img decoding=\"async\" loading=\"lazy\" width=\"225\" height=\"300\" alt=\"\" class=\"wp-block-jetpack-slideshow_image wp-image-290\" data-id=\"290\" src=\"https:\/\/i0.wp.com\/salonamat.com\/wp-content\/uploads\/2015\/12\/GAELLE-000-1.jpg?resize=225%2C300\" srcset=\"https:\/\/i0.wp.com\/salonamat.com\/wp-content\/uploads\/2015\/12\/GAELLE-000-1.jpg?resize=225%2C300&amp;ssl=1 225w, https:\/\/i0.wp.com\/salonamat.com\/wp-content\/uploads\/2015\/12\/GAELLE-000-1.jpg?resize=68%2C90&amp;ssl=1 68w, https:\/\/i0.wp.com\/salonamat.com\/wp-content\/uploads\/2015\/12\/GAELLE-000-1.jpg?w=750&amp;ssl=1 750w\" sizes=\"(max-width: 225px) 100vw, 225px\" data-recalc-dims=\"1\" \/><figcaption class=\"wp-block-jetpack-slideshow_caption gallery-caption\">Gaelle GRISARD<\/figcaption><\/figure><\/li><li class=\"wp-block-jetpack-slideshow_slide swiper-slide\"><figure><img decoding=\"async\" loading=\"lazy\" width=\"225\" height=\"300\" alt=\"\" class=\"wp-block-jetpack-slideshow_image wp-image-288\" data-id=\"288\" src=\"https:\/\/i0.wp.com\/salonamat.com\/wp-content\/uploads\/2015\/12\/FRANCOIS-000-1.jpg?resize=225%2C300\" srcset=\"https:\/\/i0.wp.com\/salonamat.com\/wp-content\/uploads\/2015\/12\/FRANCOIS-000-1.jpg?resize=225%2C300&amp;ssl=1 225w, https:\/\/i0.wp.com\/salonamat.com\/wp-content\/uploads\/2015\/12\/FRANCOIS-000-1.jpg?resize=68%2C90&amp;ssl=1 68w, https:\/\/i0.wp.com\/salonamat.com\/wp-content\/uploads\/2015\/12\/FRANCOIS-000-1.jpg?w=750&amp;ssl=1 750w\" sizes=\"(max-width: 225px) 100vw, 225px\" data-recalc-dims=\"1\" \/><figcaption class=\"wp-block-jetpack-slideshow_caption gallery-caption\">Fran\u00e7ois Chandelier<\/figcaption><\/figure><\/li><li class=\"wp-block-jetpack-slideshow_slide swiper-slide\"><figure><img decoding=\"async\" loading=\"lazy\" width=\"225\" height=\"300\" alt=\"\" class=\"wp-block-jetpack-slideshow_image wp-image-284\" data-id=\"284\" src=\"https:\/\/i0.wp.com\/salonamat.com\/wp-content\/uploads\/2015\/12\/CHRISTINE-000-1.jpg?resize=225%2C300\" srcset=\"https:\/\/i0.wp.com\/salonamat.com\/wp-content\/uploads\/2015\/12\/CHRISTINE-000-1.jpg?resize=225%2C300&amp;ssl=1 225w, https:\/\/i0.wp.com\/salonamat.com\/wp-content\/uploads\/2015\/12\/CHRISTINE-000-1.jpg?resize=68%2C90&amp;ssl=1 68w, https:\/\/i0.wp.com\/salonamat.com\/wp-content\/uploads\/2015\/12\/CHRISTINE-000-1.jpg?w=750&amp;ssl=1 750w\" sizes=\"(max-width: 225px) 100vw, 225px\" data-recalc-dims=\"1\" \/><figcaption class=\"wp-block-jetpack-slideshow_caption gallery-caption\">Christine DEPORTE<\/figcaption><\/figure><\/li><li class=\"wp-block-jetpack-slideshow_slide swiper-slide\"><figure><img decoding=\"async\" loading=\"lazy\" width=\"225\" height=\"300\" alt=\"\" class=\"wp-block-jetpack-slideshow_image wp-image-281\" data-id=\"281\" src=\"https:\/\/i0.wp.com\/salonamat.com\/wp-content\/uploads\/2015\/12\/ARMELLE-000-1.jpg?resize=225%2C300\" srcset=\"https:\/\/i0.wp.com\/salonamat.com\/wp-content\/uploads\/2015\/12\/ARMELLE-000-1.jpg?resize=225%2C300&amp;ssl=1 225w, https:\/\/i0.wp.com\/salonamat.com\/wp-content\/uploads\/2015\/12\/ARMELLE-000-1.jpg?resize=68%2C90&amp;ssl=1 68w, https:\/\/i0.wp.com\/salonamat.com\/wp-content\/uploads\/2015\/12\/ARMELLE-000-1.jpg?w=750&amp;ssl=1 750w\" sizes=\"(max-width: 225px) 100vw, 225px\" data-recalc-dims=\"1\" \/><figcaption class=\"wp-block-jetpack-slideshow_caption gallery-caption\">Armelle BLETTNER<\/figcaption><\/figure><\/li><li class=\"wp-block-jetpack-slideshow_slide swiper-slide\"><figure><img decoding=\"async\" loading=\"lazy\" width=\"226\" height=\"300\" alt=\"\" class=\"wp-block-jetpack-slideshow_image wp-image-2927\" data-id=\"2927\" src=\"https:\/\/i0.wp.com\/salonamat.com\/wp-content\/uploads\/2020\/07\/LIONEL.jpg?resize=226%2C300\" srcset=\"https:\/\/i0.wp.com\/salonamat.com\/wp-content\/uploads\/2020\/07\/LIONEL.jpg?resize=226%2C300&amp;ssl=1 226w, https:\/\/i0.wp.com\/salonamat.com\/wp-content\/uploads\/2020\/07\/LIONEL.jpg?resize=768%2C1021&amp;ssl=1 768w, https:\/\/i0.wp.com\/salonamat.com\/wp-content\/uploads\/2020\/07\/LIONEL.jpg?w=770&amp;ssl=1 770w, https:\/\/i0.wp.com\/salonamat.com\/wp-content\/uploads\/2020\/07\/LIONEL.jpg?resize=68%2C90&amp;ssl=1 68w\" sizes=\"(max-width: 226px) 100vw, 226px\" data-recalc-dims=\"1\" \/><figcaption class=\"wp-block-jetpack-slideshow_caption gallery-caption\">Lionel ROBLET<\/figcaption><\/figure><\/li><li class=\"wp-block-jetpack-slideshow_slide swiper-slide\"><figure><img decoding=\"async\" loading=\"lazy\" width=\"225\" height=\"300\" alt=\"\" class=\"wp-block-jetpack-slideshow_image wp-image-3180\" data-id=\"3180\" src=\"https:\/\/i0.wp.com\/salonamat.com\/wp-content\/uploads\/2020\/12\/CANNAT-GILLES.jpeg?resize=225%2C300\" srcset=\"https:\/\/i0.wp.com\/salonamat.com\/wp-content\/uploads\/2020\/12\/CANNAT-GILLES.jpeg?resize=225%2C300&amp;ssl=1 225w, https:\/\/i0.wp.com\/salonamat.com\/wp-content\/uploads\/2020\/12\/CANNAT-GILLES.jpeg?resize=68%2C90&amp;ssl=1 68w, https:\/\/i0.wp.com\/salonamat.com\/wp-content\/uploads\/2020\/12\/CANNAT-GILLES.jpeg?w=669&amp;ssl=1 669w\" sizes=\"(max-width: 225px) 100vw, 225px\" data-recalc-dims=\"1\" \/><figcaption class=\"wp-block-jetpack-slideshow_caption gallery-caption\">Gilles CANNAT<\/figcaption><\/figure><\/li><li class=\"wp-block-jetpack-slideshow_slide swiper-slide\"><figure><img decoding=\"async\" loading=\"lazy\" width=\"247\" height=\"300\" alt=\"\" class=\"wp-block-jetpack-slideshow_image wp-image-3179\" data-id=\"3179\" src=\"https:\/\/i0.wp.com\/salonamat.com\/wp-content\/uploads\/2020\/12\/AMBLARD-OLIVIER.jpeg?resize=247%2C300\" srcset=\"https:\/\/i0.wp.com\/salonamat.com\/wp-content\/uploads\/2020\/12\/AMBLARD-OLIVIER.jpeg?resize=247%2C300&amp;ssl=1 247w, https:\/\/i0.wp.com\/salonamat.com\/wp-content\/uploads\/2020\/12\/AMBLARD-OLIVIER.jpeg?resize=74%2C90&amp;ssl=1 74w, https:\/\/i0.wp.com\/salonamat.com\/wp-content\/uploads\/2020\/12\/AMBLARD-OLIVIER.jpeg?w=420&amp;ssl=1 420w\" sizes=\"(max-width: 247px) 100vw, 247px\" data-recalc-dims=\"1\" \/><figcaption class=\"wp-block-jetpack-slideshow_caption gallery-caption\">Olivier AMBLARD <\/figcaption><\/figure><\/li><li class=\"wp-block-jetpack-slideshow_slide swiper-slide\"><figure><img decoding=\"async\" loading=\"lazy\" width=\"248\" height=\"300\" alt=\"\" class=\"wp-block-jetpack-slideshow_image wp-image-3238\" data-id=\"3238\" src=\"https:\/\/i0.wp.com\/salonamat.com\/wp-content\/uploads\/2020\/12\/Anne-J.jpg?resize=248%2C300\" srcset=\"https:\/\/i0.wp.com\/salonamat.com\/wp-content\/uploads\/2020\/12\/Anne-J.jpg?resize=248%2C300&amp;ssl=1 248w, https:\/\/i0.wp.com\/salonamat.com\/wp-content\/uploads\/2020\/12\/Anne-J.jpg?resize=768%2C930&amp;ssl=1 768w, https:\/\/i0.wp.com\/salonamat.com\/wp-content\/uploads\/2020\/12\/Anne-J.jpg?resize=846%2C1024&amp;ssl=1 846w, https:\/\/i0.wp.com\/salonamat.com\/wp-content\/uploads\/2020\/12\/Anne-J.jpg?resize=74%2C90&amp;ssl=1 74w, https:\/\/i0.wp.com\/salonamat.com\/wp-content\/uploads\/2020\/12\/Anne-J.jpg?w=1057&amp;ssl=1 1057w\" sizes=\"(max-width: 248px) 100vw, 248px\" data-recalc-dims=\"1\" \/><figcaption class=\"wp-block-jetpack-slideshow_caption gallery-caption\">Anne JOUVE<\/figcaption><\/figure><\/li><li class=\"wp-block-jetpack-slideshow_slide swiper-slide\"><figure><img decoding=\"async\" loading=\"lazy\" width=\"207\" height=\"289\" alt=\"\" class=\"wp-block-jetpack-slideshow_image wp-image-4000\" data-id=\"4000\" src=\"https:\/\/i0.wp.com\/salonamat.com\/wp-content\/uploads\/2021\/12\/image001.png?resize=207%2C289\" srcset=\"https:\/\/i0.wp.com\/salonamat.com\/wp-content\/uploads\/2021\/12\/image001.png?w=207&amp;ssl=1 207w, https:\/\/i0.wp.com\/salonamat.com\/wp-content\/uploads\/2021\/12\/image001.png?resize=64%2C90&amp;ssl=1 64w\" sizes=\"(max-width: 207px) 100vw, 207px\" data-recalc-dims=\"1\" \/><figcaption class=\"wp-block-jetpack-slideshow_caption gallery-caption\">Caroline GODET<\/figcaption><\/figure><\/li><li class=\"wp-block-jetpack-slideshow_slide swiper-slide\"><figure><img decoding=\"async\" loading=\"lazy\" width=\"206\" height=\"300\" alt=\"\" class=\"wp-block-jetpack-slideshow_image wp-image-3972\" data-id=\"3972\" src=\"https:\/\/i0.wp.com\/salonamat.com\/wp-content\/uploads\/2021\/12\/SYLVIE-703x1024.jpg?resize=206%2C300\" data-recalc-dims=\"1\"\/><figcaption class=\"wp-block-jetpack-slideshow_caption gallery-caption\">Sylvie BUSSEUIL<\/figcaption><\/figure><\/li><\/ul><a class=\"wp-block-jetpack-slideshow_button-prev swiper-button-prev swiper-button-white\" role=\"button\"><\/a><a class=\"wp-block-jetpack-slideshow_button-next swiper-button-next swiper-button-white\" role=\"button\"><\/a><a aria-label=\"Pause Slideshow\" class=\"wp-block-jetpack-slideshow_button-pause\" role=\"button\"><\/a><div class=\"wp-block-jetpack-slideshow_pagination swiper-pagination swiper-pagination-white\"><\/div><\/div><\/div>\n\n\n\n<p><\/p>\n\n\n\n<p><\/p>\n\n\n\n<p><\/p>\n","protected":false},"excerpt":{"rendered":"<p> <a href=\"https:\/\/salonamat.com\/index.php\/agents\/\" class=\"more-link\">Continuer de lire <span class=\"screen-reader-text\">AGENTS<\/span><\/a><\/p>\n","protected":false},"author":2,"featured_media":0,"parent":0,"menu_order":0,"comment_status":"closed","ping_status":"closed","template":"","meta":{"spay_email":""},"categories":[4],"tags":[],"jetpack_sharing_enabled":true,"jetpack_shortlink":"https:\/\/wp.me\/P7346W-jL","jetpack-related-posts":[{"id":1230,"url":"https:\/\/salonamat.com\/index.php\/agents\/veronique-pepin-bolliet\/","url_meta":{"origin":1225,"position":0},"title":"V\u00e9ronique PEPIN BOLLIET","date":"d\u00e9cembre 14, 2015","format":false,"excerpt":"284 rue de la Barmelle 69250 Montanay contacter V\u00e9ronique par courriel en cliquant sur ce lien 06 07 27 90 20 MAISONS REPRESENTEES CAMBI DAVARIS INTESA KNIPIDEE LIOLIOS MORGANTI NOVALANSA PREMIERTEX TEXATHENEA","rel":"","context":"Dans &quot;agents&quot;","img":{"alt_text":"","src":"https:\/\/i0.wp.com\/salonamat.com\/wp-content\/uploads\/2015\/12\/VERONIQUE-000-1-1-225x300.jpg?resize=350%2C200","width":350,"height":200},"classes":[]},{"id":1233,"url":"https:\/\/salonamat.com\/index.php\/agents\/remi-oddon\/","url_meta":{"origin":1225,"position":1},"title":"R\u00e9mi ODDON","date":"d\u00e9cembre 14, 2015","format":false,"excerpt":"850, avenue Louis Crozet Les Bastides de Rinaldi Bat C 13600 LA CIOTAT France contacter R\u00e9mi par courriel en cliquant sur ce lien Portable +33 6 07 51 92 67 MAISONS REPRESENTEES NOOTEBOOM TDI","rel":"","context":"Dans &quot;agents&quot;","img":{"alt_text":"","src":"https:\/\/i0.wp.com\/salonamat.com\/wp-content\/uploads\/2015\/12\/REMI-000.jpg?resize=350%2C200&ssl=1","width":350,"height":200},"classes":[]},{"id":995,"url":"https:\/\/salonamat.com\/index.php\/collections\/tissus\/nencini\/","url_meta":{"origin":1225,"position":2},"title":"NENCINI","date":"d\u00e9cembre 24, 2015","format":false,"excerpt":"Fabricant italien de lainage jacquard fantaisie. Minima : 200 Mt Femme. Polyester, acrylique, laine, m\u00e9langes. Repr\u00e9sent\u00e9 par V\u00e9ronique P\u00e9pin Bolliet.","rel":"","context":"Dans &quot;acrylique&quot;","img":{"alt_text":"","src":"https:\/\/i0.wp.com\/salonamat.com\/wp-content\/uploads\/2015\/12\/VERONIQUE-NENCINI-1.jpg?resize=350%2C200","width":350,"height":200},"classes":[]},{"id":997,"url":"https:\/\/salonamat.com\/index.php\/collections\/tissus\/alfa-fi\/","url_meta":{"origin":1225,"position":3},"title":"ALFA-FI","date":"d\u00e9cembre 24, 2015","format":false,"excerpt":"Fabricant italien de cha\u00eene-et-trame, tiss\u00e9s classiques. Minima : 300 Mt Femme, homme. Coton, polyester, \u00e9lasthanne, laine, m\u00e9langes. Repr\u00e9sent\u00e9 par V\u00e9ronique P\u00e9pin Bolliet. \u00a0","rel":"","context":"Dans &quot;cha\u00eene et trame&quot;","img":{"alt_text":"","src":"https:\/\/i0.wp.com\/salonamat.com\/wp-content\/uploads\/2015\/12\/VERONIQUE-ALFA-FI-1.jpg?resize=350%2C200","width":350,"height":200},"classes":[]},{"id":991,"url":"https:\/\/salonamat.com\/index.php\/collections\/tissus\/intesa\/","url_meta":{"origin":1225,"position":4},"title":"INTESA","date":"d\u00e9cembre 24, 2015","format":false,"excerpt":"Fabricant italien de tissus cha\u00eene-et-trame, maille, fantaisie, imprim\u00e9s, jacquards, basiques, dentelles. Minima : 1 pi\u00e8ce sur stock Femme. Toutes compositions. Repr\u00e9sent\u00e9 par V\u00e9ronique P\u00e9pin Bolliet.","rel":"","context":"Dans &quot;cha\u00eene et trame&quot;","img":{"alt_text":"","src":"https:\/\/i0.wp.com\/salonamat.com\/wp-content\/uploads\/2015\/12\/VERONIQUE-INTESA-1.jpg?resize=350%2C200","width":350,"height":200},"classes":[]},{"id":2536,"url":"https:\/\/salonamat.com\/index.php\/collections\/tissus\/cambi\/","url_meta":{"origin":1225,"position":5},"title":"CAMBI","date":"janvier 23, 2019","format":false,"excerpt":"Fabricant italien de mailles \u00a0fantaisies et unies, lurex, jacquards, tricots, m\u00e9langes mati\u00e8res prix de 4 \u00e0 7 euros \/ mt Echantillonnage : pas de minima Production : 300 m\u00e8tres minimum voir moins avec suppl\u00e9ment Repr\u00e9sent\u00e9 par V\u00e9ronique P\u00e9pin Bolliet.","rel":"","context":"Dans &quot;entr\u00e9e de gamme&quot;","img":{"alt_text":"","src":"https:\/\/i0.wp.com\/salonamat.com\/wp-content\/uploads\/2019\/01\/CAMBI-01.jpg?resize=350%2C200","width":350,"height":200},"classes":[]}],"_links":{"self":[{"href":"https:\/\/salonamat.com\/index.php\/wp-json\/wp\/v2\/pages\/1225"}],"collection":[{"href":"https:\/\/salonamat.com\/index.php\/wp-json\/wp\/v2\/pages"}],"about":[{"href":"https:\/\/salonamat.com\/index.php\/wp-json\/wp\/v2\/types\/page"}],"author":[{"embeddable":true,"href":"https:\/\/salonamat.com\/index.php\/wp-json\/wp\/v2\/users\/2"}],"replies":[{"embeddable":true,"href":"https:\/\/salonamat.com\/index.php\/wp-json\/wp\/v2\/comments?post=1225"}],"version-history":[{"count":15,"href":"https:\/\/salonamat.com\/index.php\/wp-json\/wp\/v2\/pages\/1225\/revisions"}],"predecessor-version":[{"id":10345,"href":"https:\/\/salonamat.com\/index.php\/wp-json\/wp\/v2\/pages\/1225\/revisions\/10345"}],"wp:attachment":[{"href":"https:\/\/salonamat.com\/index.php\/wp-json\/wp\/v2\/media?parent=1225"}],"wp:term":[{"taxonomy":"category","embeddable":true,"href":"https:\/\/salonamat.com\/index.php\/wp-json\/wp\/v2\/categories?post=1225"},{"taxonomy":"post_tag","embeddable":true,"href":"https:\/\/salonamat.com\/index.php\/wp-json\/wp\/v2\/tags?post=1225"}],"curies":[{"name":"wp","href":"https:\/\/api.w.org\/{rel}","templated":true}]}}